se
Is 307 composite?
False
Is 9767 prime?
True
Is 167861 a prime number?
True
Is 2049 prime?
False
Is 323 composite?
True
Is 1181573 composite?
False
Is 24793 a composite number?
False
Is 183601 prime?
False
Is 10417 prime?
False
Is 69241 prime?
False
Is 724897 a prime number?
False
Is 48109 a composite number?
False
Is 266701 prime?
True
Is 26627 a composite number?
False
Is 951851 composite?
False
Is 2563 composite?
True
Is 46313 a prime number?
False
Is 338959 prime?
True
Is 40351 a composite number?
False
Is 1087 composite?
False
Is 91293 a composite number?
True
Is 653491 composite?
False
Is 11369 prime?
True
Is 108821 composite?
False
Is 1400231 a prime number?
False
Is 22901 a prime number?
True
Is 11213 composite?
False
Is 19069 composite?
False
Is 90845 prime?
False
Is 5926 a prime number?
False
Is 15031 prime?
True
Is 160354 prime?
False
Is 10057 a composite number?
True
Is 328037 a prime number?
True
Is 137983 a prime number?
True
Is 59713 prime?
False
Is 20521 prime?
True
Is 319 a composite number?
True
Is 542981 prime?
True
Is 909787 a composite number?
False
Is 59581 composite?
False
Is 22313 composite?
True
Is 1733 prime?
True
Is 69221 a prime number?
True
Is 18371 a prime number?
True
Is 1217 prime?
True
Is 31511 composite?
False
Is 18013 composite?
False
Is 898897 a composite number?
False
Is 508969 composite?
False
Is 4678 prime?
False
Is 500833 a composite number?
True
Is 31307 composite?
False
Is 1073 composite?
True
Is 622319 a prime number?
False
Is 239017 a prime number?
True
Is 3119 prime?
True
Is 507809 composite?
False
Is 54977 a prime number?
False
Is 283979 composite?
False
Is 1777 composite?
False
Is 250823 composite?
True
Is 5557 prime?
True
Is 404969 a composite number?
False
Is 252313 a composite number?
False
Is 1313 composite?
True
Is 769781 prime?
True
Is 11545 composite?
True
Is 334129 a prime number?
False
Is 28214 prime?
False
Is 105667 a composite number?
False
Is 26591 composite?
False
Is 3779 composite?
False
Is 316487 a prime number?
False
Is 230807 a prime number?
True
Is 22469 a composite number?
False
Is 527089 a composite number?
True
Is 71501 a prime number?
False
Is 1199 a composite number?
True
Is 441281 a composite number?
False
Is 35221 prime?
True
Is 8699 composite?
False
Is 81511 composite?
True
Is 1767154 a composite number?
True
Is 74833 a prime number?
False
Is 78341 prime?
True
Is 144203 a composite number?
False
Is 877681 a composite number?
True
Is 434883 a composite number?
True
Is 159521 prime?
True
Is 31767 composite?
True
Is 38371 a prime number?
True
Is 457 prime?
True
Is 10135 a composite number?
True
Is 68261 a composite number?
False
Is 23399 prime?
True
Is 1210841 prime?
False
Is 46573 a prime number?
True
Is 152389 a composite number?
False
Is 7057 a composite number?
False
Is 174569 a composite number?
False
Is 18599 composite?
True
Is 40259 composite?
True
Is 2161 a prime number?
True
Is 3891 a composite number?
True
Is 30001 a composite number?
True
Is 14293 composite?
False
Is 23971 composite?
False
Is 1217 composite?
False
Is 15359 prime?
True
Is 115421 prime?
True
Is 1259 a prime number?
True
Is 1811455 prime?
False
Is 141529 a prime number?
True
Is 128197 a prime number?
False
Is 15443 a prime number?
True
Is 3433 prime?
True
Is 62401 composite?
False
Is 11582 composite?
True
Is 64679 a composite number?
False
Is 3299 prime?
True
Is 338731 a composite number?
False
Is 8417 composite?
True
Is 445669 a composite number?
True
Is 43151 composite?
False
Is 39929 a composite number?
False
Is 486823 a composite number?
True
Is 20071 prime?
True
Is 26807 a prime number?
False
Is 257311 a prime number?
True
Is 733 composite?
False
Is 27473 a composite number?
True
Is 328961 composite?
False
Is 9487 a composite number?
True
Is 221807 a composite number?
False
Is 531821 composite?
False
Is 89315 a prime number?
False
Is 928139 a composite number?
False
Is 1171 prime?
True
Is 64019 composite?
False
Is 28829 a prime number?
False
Is 155119 composite?
False
Is 23267 prime?
False
Is 798761 a prime number?
False
Is 1807 prime?
False
Is 188029 prime?
True
Is 104699 prime?
False
Is 10427 composite?
False
Is 55597 composite?
True
Is 37535 composite?
True
Is 658681 a composite number?
False
Is 533233 prime?
False
Is 6598 prime?
False
Is 501563 composite?
False
Is 18191 a prime number?
True
Is 17291 composite?
False
Is 2495 composite?
True
Is 641191 a composite number?
True
Is 919223 prime?
True
Is 158435 a prime number?
False
Is 1092167 prime?
False
Is 29453 a composite number?
False
Is 326203 prime?
True
Is 1992455 prime?
False
Is 3491 prime?
True
Is 3155 prime?
False
Is 81907 prime?
False
Is 10391 a prime number?
True
Is 2780477 a prime number?
False
Is 21683 composite?
False
Is 32771 a prime number?
True
Is 165694 prime?
False
Is 32498 a composite number?
True
Is 85737 a composite number?
True
Is 541 composite?
False
Is 124834 prime?
False
Is 238781 a composite number?
False
Is 156539 a prime number?
True
Is 3727609 a composite number?
False
Is 93163 prime?
False
Is 924997 a composite number?
False
Is 129905 a composite number?
True
Is 24691 composite?
False
Is 132743 a composite number?
True
Is 1511 a prime number?
True
Is 14183 prime?
False
Is 346897 a composite number?
True
Is 77003 a composite number?
False
Is 694189 a prime number?
True
Is 960949 a composite number?
True
Is 179039 a prime number?
False
Is 81083 prime?
True
Is 1082 prime?
False
Is 5731 a composite number?
True
Is 21011 composite?
False
Is 551613 a composite number?
True
Is 20593 composite?
False
Is 64149 a composite number?
True
Is 109507 a prime number?
True
Is 94853 a prime number?
False
Is 21621 prime?
False
Is 45865 a prime number?
False
Is 2885 prime?
False
Is 21779 a prime number?
False
Is 1005943 prime?
False
Is 75605 composite?
True
Is 3761 prime?
True
Is 57533 composite?
True
Is 304193 prime?
True
Is 68738 prime?
False
Is 25985 a composite number?
True
Is 239 a prime number?
True
Is 320381 a composite number?
True
Is 7799 prime?
False
Is 43391 prime?
True
Is 87287 a prime number?
False
Is 13157 composite?
True
Is 66295 composite?
True
Is 502217 a prime number?
True
Is 28297 prime?
True
Is 26591 prime?
True
Is 2181 prime?
False
Is 84815 composite?
True
Is 12811 composite?
True
Is 334759 composite?
False
Is 142293 prime?
False
Is 23363 a composite number?
True
Is 19977 a prime number?
False
Is 8467 a composite number?
False
Is 62039 prime?
True
Is 109639 prime?
True
Is 97423 a prime number?
True
Is 2953 prime?
True
Is 6421 composite?
False
Is 97841 a prime number?
True
Is 67289 a composite number?
False
Is 43437 composite?
True
Is 29593 prime?
False
Is 55951 a composite number?
True
Is 877291 a composite number?
False
Is 85679 a composite number?
True
Is 20249 prime?
True
Is 835 composite?
True
Is 214937 a composite number?
True
Is 3563 prime?
False
Is 63701 prime?
False
Is 51817 a prime number?
True
Is 8501 a composite number?
False
Is 134039 composite?
False
Is 11351 composite?
False
Is 277127 a composite number?
True
Is 91883 a prime number?
False
Is 651271 prime?
True
Is 134677 prime?
True
Is 107441 prime?
True
Is 16183 prime?
True
Is 318553 a prime number?
False
Is 1290098 a prime number?
False
Is 5195809 composite?
False
Is 24251 prime?
True
Is 30763 composite?
False
Is 195361 a composite number?
True
Is 169427 a prime number?
True
Is 479 a composite number?
False
Is 98561 a composite number?
False
Is 869 prime?
False
Is 807 composite?
True
Is 1193 prime?
True
Is 7669 composite?
False
Is 814966 prime?
False
Is 124543 a prime number?
True
Is 785393 a composite number?
True
Is 82619 composite?
False
Is 3649 a prime number?
False
Is 12953 a prime number?
True
Is 61861 a prime number?
True
Is 713 a prime number?
False
Is 164069 a composite number?
True
Is 63113 prime?
True
Is 14971 a composite number?
True
Is 90419 prime?
False
Is 122443 prime?
True
Is 62791 prime?
True
Is 6689 a composite number?
False
Is 123953 a prime number?
True
Is 71933 a prime number?
True
Is 439559 composite?
False
Is 295619 composite?
True
Is 86059 composite?
True
Is 71683 prime?
False
Is 44071 a composite number?
False
Is 1847 a composite number?
False
Is 43117 a prime number?
True
Is 2191339 prime?
True
Is 54533 a composite